*3 - 18*w**2 + 0*w**3 - w. What is t(-4)?
-11
Suppose -4*i + 40 = 4*q + i, -5*i = -4*q. Suppose -7*l = -3*l - 2*w - 78, 25 = q*w. Let o be 2/5 + l/(-5). Let r(a) = a + 5. Give r(o).
1
Let d = 7 - 1. Suppose 5*t = d + 19. Let k(u) = t*u + 2 + 2*u**2 - 3 - u**2. Give k(-4).
-5
Let h(b) = -2*b - b**3 - 1 - 4*b**2 - b - b**2 + 3*b**2. Give h(-2).
5
Let z(l) = -8*l**3 + 4*l**2 - 4. Let o(i) = -16*i**3 + 7*i**2 - 7. Let k(h) = -3*o(h) + 5*z(h). Let g(j) = -j**2 + 7*j + 1. Let m be g(7). Give k(m).
8
Let v(o) = -o**3 + 4*o**2 + o - 3. Suppose w = -3*w + 12. Suppose 4*q = -w + 19. Give v(q).
1
Let j(v) be the second derivative of -4*v**5/5 - v**4/12 + v**2/2 + 18*v. What is j(1)?
-16
Let i(n) be the third derivative of -5*n**4/24 - n**3/6 - 6*n**2. Calculate i(1).
-6
Let p(z) be the second derivative of -z**4/12 + 4*z**3/3 - 4*z**2 + 4*z. Calculate p(7).
-1
Let b(n) be the third derivative of -n**6/360 + n**5/40 - n**4/12 + n**3/3 - 2*n**2. Let k(o) be the first derivative of b(o). What is k(4)?
-6
Suppose 2*v - 4 = 3*v. Let r(a) be the first derivative of -a**4/4 - 4*a**3/3 - a**2 - 6*a - 3. Let k be r(v). Let o(n) = -n**2 + 2*n - 3. Give o(k).
-3
Let k(j) = j**3 + 3*j**2 - 5*j. Let u be k(-4). Let z(n) = n**3 - 6*n**2 + 1. Let g(f) = -f**2 - 2. Let d(o) = -2*g(o) + z(o). Calculate d(u).
5
Let a = -2 - -3. Let i be 4*a*3/3. Let r(j) = -3*j - 1. Let k(n) = -3*n. Let t(x) = 5*k(x) - 4*r(x). Calculate t(i).
-8
Let m(z) be the third derivative of z**8/6720 + z**7/630 + z**6/720 - z**5/60 - z**4/4 + 7*z**2. Let u(p) be the second derivative of m(p). Give u(-4).
-6
Let d(s) = -1. Let a(p) = p**2 + 7*p + 11. Let u(z) = a(z) + 6*d(z). Let n be -3*1/3*-1. Suppose -3*h - 11 = n. Give u(h).
-7
Let u = 9 + -6. Let h(v) = 3 + 2*v**3 - 3*v**2 - u*v**3 - v**2. Give h(-4).
3
Suppose 2*s = 5*s + f + 10, s - 5*f - 18 = 0. Let k(h) = -4*h - 3. What is k(s)?
5
Let m(n) = n**3 + 8*n**2 + 6*n - 4. Let z be m(-7). Suppose z*p = y + 10, -3*p + 14 = 4*y - 21. Let d(f) = f**2 - 4*f + 1. What is d(p)?
6
Let z(k) be the second derivative of -k**4/12 - 5*k**3/6 - 2*k**2 - 11*k. Calculate z(-3).
2
Let x(q) be the second derivative of q**4/12 + 3*q**3/2 + q**2/2 - 5*q. Give x(-7).
-13
Suppose 12 = -c + 4*c. Let l(h) = -4*h**2 + 8*h - 4. Let b(s) = -5*s**2 + 9*s - 5. Let p(n) = c*l(n) - 3*b(n). Determine p(4).
3
Let p(x) = -4 + 3 + 2 + 0 - x. Determine p(-3).
4
Let r(i) = 5*i**2 + 9 - 14 + 5*i + 7 + 9. Let o(a) = a**2 + 1. Let n(s) = -4*o(s) + r(s). What is n(-6)?
13
Let m(s) = s**2 - 9*s + 8. Let c be m(8). Suppose 4*u + c*u = 12. Let p(j) = -u*j - 2*j - 2 + j + 3*j. Give p(-2).
0
Let g be (-5)/(1 - (-6)/(-3)). Let m(a) = -2*a + 7. Give m(g).
-3
Let y(n) = 3*n - 4*n + 15 - 10. Give y(4).
1
Let v(f) = 35 + f**2 - 35. Determine v(0).
0
Let u(g) = -g - 3. Let m(w) = -3*w + 6. Let f be m(4). Give u(f).
3
Let y(b) be the first derivative of 5*b**3/3 + 14. Determine y(1).
5
Let y = 9 - 19. Let d be ((-12)/y)/((-2)/(-5)). Let r(s) = -8*s**2 - 9*s - 5. Let l(w) = 3*w**2 + 3*w + 2. Let i(k) = 11*l(k) + 4*r(k). Give i(d).
2
Let h(y) be the first derivative of y**2/2 + 6*y + 6. What is h(-6)?
0
Let x(v) = -v**2 - 9*v - 2. Let l(z) = -3*z + 11. Let f be l(6). Calculate x(f).
12
Let b(w) be the second derivative of -w**3/6 + w**2/2 - w. Let z(s) = 0 - 2 + 1. Let l(n) = -b(n) - 6*z(n). Determine l(-5).
0
Let r(l) = 3*l + 1. Let b(z) = -16*z - 6. Let j = 114 - 78. Let i be 101/9 + (-8)/j. Let p(s) = i*r(s) + 2*b(s). Determine p(-3).
-4
Let p(k) = -4*k - 1 - 1 - 3 - 4. Calculate p(-6).
15
Let w(c) be the first derivative of -c**3/3 - 4*c**2 - 5*c - 10. Give w(-6).
7
Let f(z) be the third derivative of 0 - 8*z**2 + 1/12*z**4 + 1/3*z**3 + 0*z + 1/30*z**5. Determine f(-2).
6
Let c(j) be the first derivative of 1 + 0*j - 2/3*j**3 - 1/30*j**5 + 1/24*j**4 + 0*j**2. Let n(t) be the third derivative of c(t). What is n(3)?
-11
Let s(p) = -p**3 + 6*p**2 - 6*p + 6. Let i be s(5). Let t(n) be the first derivative of -2*n**3/3 + n - 236. What is t(i)?
-1
Let x(h) = h**3 - 6*h**2 - 6*h - 9. Suppose 0 = -b - 2 - 2, -3*j - 4*b = -5. What is x(j)?
-2
Let u(m) = m**3 - 4*m**2 - 2*m + 1. Let x(p) = -p**3 + p**2 + p - 1. Let n(a) = u(a) + 2*x(a). Calculate n(2).
-17
Let g(s) = 3*s + 2. Let r be g(-2). Let l(h) = -h**2 - 2*h - 4. Let x(z) = -2*z**2 - 4*z - 9. Let u(d) = 5*l(d) - 2*x(d). What is u(r)?
-10
Let d(a) = -a**2 + 8*a + 3. Let t(f) = -f**3 + 16*f**2 + 17*f + 6. Let r be t(17). Give d(r).
15
Let l(n) = -n**2 - 2*n - 3. Let w = -5 + 9. Let c = -7 + w. Give l(c).
-6
Let z(w) = w**3 - 20*w**2 + 18*w + 21. Let a be z(19). Let u(o) be the second derivative of o**3/6 - o**2/2 - o. Give u(a).
1
Let v = -14 + 20. Let d(w) = -5*w - v*w + 5 + 10*w. Calculate d(4).
1
Let g(l) = -2*l - 4. Let y be (1/2)/((-6)/48). Let a be g(y). Let o(k) = k**3 - 4*k**2 + k - 4. Let c be o(a). Let q(w) = -w**3 - w**2 + 5. Determine q(c).
5
Let g(b) = -8*b**3 + 1. Suppose -6*u = -u + 2*v - 50, -4*u = 5*v - 57. Let q = u - 7. What is g(q)?
-7
Let o(x) be the third derivative of x**5/60 + x**4/24 + x**3/6 + 11*x**2. Determine o(0).
1
Let y = 14 + -20. Let j(o) = -o**3 - 6*o**2 - 4. Let l be j(y). Let c(f) = -f**3 - 4*f**2 + 1. Give c(l).
1
Let c(p) = 4*p + 2*p**2 - 4 - 2*p**2 - p**2. Let w be (-4 + (-16)/12)*-3. Let a be (-3)/15 + w/5. Determine c(a).
-1
Let k = -6 + 11. Let q(x) be the second derivative of -x**3/3 - 71*x. What is q(k)?
-10
Let q(w) = w**3 - 4*w**2 + 4*w. Let v be q(3). Let t(u) be the first derivative of u**4/4 - u**3 + 3*u**2/2 + 30. Calculate t(v).
9
Let d(b) = 6 - 7 + 0 - 4*b. What is d(2)?
-9
Suppose -w + 3 = -0, -5*q = -w + 48. Let s(y) = y**2 + 9*y - 1. What is s(q)?
-1
Let z(n) = -78*n + 78*n + 6*n**2 - 1. What is z(-1)?
5
Let p = 0 - -8. Let w = -1 + p. Let b(v) = 4*v**2 - w*v - 3*v**2 + 2 + v. Give b(5).
-3
Let k = 12 + -9. Suppose -5*u = -5*l - 10, 5*l - 3*u = -k - 7. Let t(d) = 3*d**2 + 2*d. Determine t(l).
8
Let s(w) = -10*w**3 - 4*w**2 + 3*w. Let a(y) = -11*y**3 - 5*y**2 + 4*y. Suppose 2 = 6*p - 10. Let n(m) = p*a(m) - 3*s(m). Calculate n(1).
9
Let r(t) = 4*t**2. Let i be r(1). Let k(y) = -2 - i*y - y + 4*y. Let s = -92 + 89. Determine k(s).
1
Suppose -115 = -4*d + 3*i, -i = -2 - 1. Suppose 5*t + 25 = -c, 4*t + d = 3*c - 8. Let b(n) = -n**3 - 7*n**2 - 4*n + 6. What is b(t)?
-6
Let x(n) = -2*n**3. Let g be (-1)/(((-4)/10)/2). Suppose 4 = 2*t - i, i = -t - 2*i - g. Calculate x(t).
-2
Let y(x) = -10*x**3 - 6*x**2 - 10*x + 7. Let s(f) = -3*f**3 - 2*f**2 - 3*f + 2. Let w(u) = 7*s(u) - 2*y(u). Calculate w(-2).
2
Let t(u) be the first derivative of 0*u + 1/2*u**2 + 8 - 1/2*u**4 + 2/3*u**3. Determine t(2).
-6
Let a = 17 + -19. Let r(p) = -p**3 + p**2 - p + 1. Let w(g) = g**3 - 2*g**2 + 3*g - 1. Let v(s) = a*r(s) - w(s). Calculate v(-1).
-1
Let w(f) be the second derivative of f**4/24 - f**3 - f**2/2 + f. Let h(l) be the first derivative of w(l). Let s = -2 - -2. Determine h(s).
-6
Let n = 22 + -11. Suppose 5*p + n = 36. Suppose 0 = 2*r + p + 3. Let q(o) = 3*o + 5. Calculate q(r).
-7
Let a(d) = -2*d**3 - d**2 + 3*d + 2. Let u be 0/(-5) - 2/1. Calculate a(u).
8
Let n(g) be the first derivative of -g**4 - g**2 - g + 1. Let z be (2 + 0)/(4/(-20)). Let d = z + 9. What is n(d)?
5
Let d(b) be the third derivative of b**6/120 - b**5/12 + b**4/8 + 5*b**3/6 - 25*b**2. Give d(4).
1
Let o(z) = z**3 - 6*z**2 - 8*z + 9. Let t be o(7). Suppose 0*s = -t*s + 8, 5*s - 28 = -2*p. Let m(u) = 0*u**2 + u**2 - 3*u + p*u. Calculate m(3).
12
Let b(l) = -l + 4. Suppose -5*g + 4*r = 16 + 1, 5*g = -2*r - 29. Determine b(g).
9
Let l(o) = o**2 + 4. Let y be l(0). Suppose -y*c + 24 = 4*m, 3*m + c + 3 = 19. Let f(v) = -v**3 + 6*v**2 - 5*v + 5. Calculate f(m).
5
Let s(m) = -m**3 + m**2 - m + 4. Suppose 2*g + 7 + 1 = 0. Let z be (g/2)/2*-2. Let k be 0/(2/(0 - z)). What is s(k)?
4
Let z(i) = -i**2 - 5*i - 6. Let s be z(-4). Let h = s - -5. Let q(d) be the first derivative of d**2/2 + 2*d + 2. Calculate q(h).
5
Let v(j) be the first derivative of -6 - j + 1/2*j**2. Give v(0).
-1
Let b be -1 - -2 - 16/(-2). Let u = 16 - b. Suppose -u - 5 = 4*l. Let d(n) = -n**2 - 2*n + 4. Give d(l).
1
Let j(r) = -2*r**3 + 2*r**2 + r + 1. Suppose -2*m - 9 = m - 5*z, -2*z - 14 = m. Let i = -6 - m. Determine j(i).
-5
Let x(j) be the first derivative of j**4/4 - 5*j**3/